{"id":325,"date":"2015-11-03T12:00:35","date_gmt":"2015-11-03T11:00:35","guid":{"rendered":"http:\/\/tommustester.wpengine.com\/?page_id=325"},"modified":"2018-02-22T11:53:55","modified_gmt":"2018-02-22T10:53:55","slug":"blog","status":"publish","type":"page","link":"https:\/\/foto-produkt.sk\/?page_id=325","title":{"rendered":"Blog"},"content":{"rendered":"<div class=\"wpb-content-wrapper\"><p>[vc_row lydia_layout=&#8220;dark-wrapper&#8220; css=&#8220;.vc_custom_1446552053338{padding-top: 70px !important;padding-bottom: 70px !important;}&#8220;][vc_column]<div class=\"blog grid-view col3\">\n\n\t<div class=\"blog-posts text-boxes\">\n\t\t<div class=\"isotope row\">\n\t\t\t<div class=\"col-sm-6 col-md-4 grid-view-post\">\n\t<div class=\"post\">\n\t\t\n\t\t\t\t\t<figure class=\"main\">\n\t\t\t\t<a href=\"https:\/\/foto-produkt.sk\/?p=1529\">\n\t\t\t\t\t<img loading=\"lazy\" decoding=\"async\" width=\"400\" height=\"260\" src=\"https:\/\/foto-produkt.sk\/wp-content\/uploads\/2018\/02\/24-105-1-400x260.jpg\" class=\"attachment-grid size-grid wp-post-image\" alt=\"\" \/>\t\t\t\t<\/a>\n\t\t\t<\/figure>\n\t\t\t\t\n\t\t<div class=\"box text-center\">\n\t\t\t<div class=\"category cat33\"><span><a href=\"https:\/\/foto-produkt.sk\/?cat=33\">Reklamn\u00e1 fotografia<\/a><\/span><\/div><h4 class=\"post-title\"><a href=\"https:\/\/foto-produkt.sk\/?p=1529\">Fotenie \u010dlnov v Jelke<\/a><\/h4><div class=\"meta\">\n\n\t<span class=\"date\">\n\t\t10. febru\u00e1ra 2018\t<\/span>\n\t\n\t\n<\/div>\t\t<\/div>\n\t\t\n\t<\/div>\n<\/div><div class=\"col-sm-6 col-md-4 grid-view-post\">\n\t<div class=\"post\">\n\t\t\n\t\t\t\t\t<figure class=\"main\">\n\t\t\t\t<a href=\"https:\/\/foto-produkt.sk\/?p=1486\">\n\t\t\t\t\t<img loading=\"lazy\" decoding=\"async\" width=\"400\" height=\"260\" src=\"https:\/\/foto-produkt.sk\/wp-content\/uploads\/2018\/02\/IMG_0841-2-400x260.jpg\" class=\"attachment-grid size-grid wp-post-image\" alt=\"\" \/>\t\t\t\t<\/a>\n\t\t\t<\/figure>\n\t\t\t\t\n\t\t<div class=\"box text-center\">\n\t\t\t<div class=\"category cat32\"><span><a href=\"https:\/\/foto-produkt.sk\/?cat=32\">Cestopis<\/a><\/span><\/div><h4 class=\"post-title\"><a href=\"https:\/\/foto-produkt.sk\/?p=1486\">V mravenisku<\/a><\/h4><div class=\"meta\">\n\n\t<span class=\"date\">\n\t\t10. febru\u00e1ra 2018\t<\/span>\n\t\n\t\n<\/div><p>Naj\u00fa\u017easnej\u0161ia na Vietname je flexibilita jeho obyvate\u013eov. Nenapad\u00e1 mi lep\u0161ie spojenie ako \u201et\u00e1 krajina sa&#8230;<\/p>\n\t\t<\/div>\n\t\t\n\t<\/div>\n<\/div><div class=\"col-sm-6 col-md-4 grid-view-post\">\n\t<div class=\"post\">\n\t\t\n\t\t\t\t\t<figure class=\"main\">\n\t\t\t\t<a href=\"https:\/\/foto-produkt.sk\/?p=1463\">\n\t\t\t\t\t<img loading=\"lazy\" decoding=\"async\" width=\"400\" height=\"260\" src=\"https:\/\/foto-produkt.sk\/wp-content\/uploads\/2018\/02\/IMG_0841-1-400x260.jpg\" class=\"attachment-grid size-grid wp-post-image\" alt=\"\" \/>\t\t\t\t<\/a>\n\t\t\t<\/figure>\n\t\t\t\t\n\t\t<div class=\"box text-center\">\n\t\t\t<div class=\"category cat32\"><span><a href=\"https:\/\/foto-produkt.sk\/?cat=32\">Cestopis<\/a><\/span><\/div><h4 class=\"post-title\"><a href=\"https:\/\/foto-produkt.sk\/?p=1463\">Poklady v skal\u00e1ch<\/a><\/h4><div class=\"meta\">\n\n\t<span class=\"date\">\n\t\t10. febru\u00e1ra 2018\t<\/span>\n\t\n\t\n<\/div><p>Ak ste u\u017e po dovolenke, ale s pocitom, \u017ee by ste e\u0161te radi spoznali nie\u010do&#8230;<\/p>\n\t\t<\/div>\n\t\t\n\t<\/div>\n<\/div><div class=\"col-sm-6 col-md-4 grid-view-post\">\n\t<div class=\"post\">\n\t\t\n\t\t\t\t\t<figure class=\"main\">\n\t\t\t\t<a href=\"https:\/\/foto-produkt.sk\/?p=1427\">\n\t\t\t\t\t<img loading=\"lazy\" decoding=\"async\" width=\"400\" height=\"260\" src=\"https:\/\/foto-produkt.sk\/wp-content\/uploads\/2018\/02\/Gordes2-400x260.jpg\" class=\"attachment-grid size-grid wp-post-image\" alt=\"\" \/>\t\t\t\t<\/a>\n\t\t\t<\/figure>\n\t\t\t\t\n\t\t<div class=\"box text-center\">\n\t\t\t<div class=\"category cat32\"><span><a href=\"https:\/\/foto-produkt.sk\/?cat=32\">Cestopis<\/a><\/span><\/div><h4 class=\"post-title\"><a href=\"https:\/\/foto-produkt.sk\/?p=1427\">Kraj levand\u00fa\u013e<\/a><\/h4><div class=\"meta\">\n\n\t<span class=\"date\">\n\t\t10. febru\u00e1ra 2018\t<\/span>\n\t\n\t\n<\/div><p>Do franc\u00fazskeho Provensalska sme sa vybrali, vybaven\u00ed najmodernej\u0161ou fototechnikou, zve\u010dni\u0165 kr\u00e1su levandu\u013eov\u00fdch pol\u00ed. To ni\u010d,&#8230;<\/p>\n\t\t<\/div>\n\t\t\n\t<\/div>\n<\/div><div class=\"col-sm-6 col-md-4 grid-view-post\">\n\t<div class=\"post\">\n\t\t\n\t\t\t\t\t<figure class=\"main\">\n\t\t\t\t<a href=\"https:\/\/foto-produkt.sk\/?p=1410\">\n\t\t\t\t\t<img loading=\"lazy\" decoding=\"async\" width=\"400\" height=\"260\" src=\"https:\/\/foto-produkt.sk\/wp-content\/uploads\/2018\/02\/13919994_518925564969873_4486031335280781204_o-400x260.jpg\" class=\"attachment-grid size-grid wp-post-image\" alt=\"\" \/>\t\t\t\t<\/a>\n\t\t\t<\/figure>\n\t\t\t\t\n\t\t<div class=\"box text-center\">\n\t\t\t<div class=\"category cat1\"><span><a href=\"https:\/\/foto-produkt.sk\/?cat=1\">Nezaraden\u00e9<\/a><\/span><\/div><h4 class=\"post-title\"><a href=\"https:\/\/foto-produkt.sk\/?p=1410\">Fotenie a pr\u00edprava materi\u00e1lov na AMAZON<\/a><\/h4><div class=\"meta\">\n\n\t<span class=\"date\">\n\t\t9. febru\u00e1ra 2018\t<\/span>\n\t\n\t\n<\/div><p>Prezent\u00e1cia produktov na AMAZONE. Dobre odprezentovan\u00fd produkt na Amazone je absolutn\u00e1 nutnos\u0165, ke\u010f\u017ee konkurencia je&#8230;<\/p>\n\t\t<\/div>\n\t\t\n\t<\/div>\n<\/div><div class=\"col-sm-6 col-md-4 grid-view-post\">\n\t<div class=\"post\">\n\t\t\n\t\t\t\t\t<figure class=\"main\">\n\t\t\t\t<a href=\"https:\/\/foto-produkt.sk\/?p=1358\">\n\t\t\t\t\t<img loading=\"lazy\" decoding=\"async\" width=\"400\" height=\"260\" src=\"https:\/\/foto-produkt.sk\/wp-content\/uploads\/2018\/02\/lara-hl-400x260.jpg\" class=\"attachment-grid size-grid wp-post-image\" alt=\"\" srcset=\"https:\/\/foto-produkt.sk\/wp-content\/uploads\/2018\/02\/lara-hl-400x260.jpg 400w, https:\/\/foto-produkt.sk\/wp-content\/uploads\/2018\/02\/lara-hl-300x195.jpg 300w, https:\/\/foto-produkt.sk\/wp-content\/uploads\/2018\/02\/lara-hl-768x499.jpg 768w, https:\/\/foto-produkt.sk\/wp-content\/uploads\/2018\/02\/lara-hl.jpg 1024w\" sizes=\"auto, (max-width: 400px) 100vw, 400px\" \/>\t\t\t\t<\/a>\n\t\t\t<\/figure>\n\t\t\t\t\n\t\t<div class=\"box text-center\">\n\t\t\t<div class=\"category cat1\"><span><a href=\"https:\/\/foto-produkt.sk\/?cat=1\">Nezaraden\u00e9<\/a><\/span><\/div><h4 class=\"post-title\"><a href=\"https:\/\/foto-produkt.sk\/?p=1358\">Larin prv\u00fd rok vo fotografi\u00e1ch<\/a><\/h4><div class=\"meta\">\n\n\t<span class=\"date\">\n\t\t9. febru\u00e1ra 2018\t<\/span>\n\t\n\t\n<\/div><p>Lara a jej prv\u00fd rok. Fotenie det\u00ed je ve\u013ek\u00e1 v\u00fdzva. Na jednej strane s\u00fa deti&#8230;<\/p>\n\t\t<\/div>\n\t\t\n\t<\/div>\n<\/div><div class=\"col-sm-6 col-md-4 grid-view-post\">\n\t<div class=\"post\">\n\t\t\n\t\t\t\t\t<figure class=\"main\">\n\t\t\t\t<a href=\"https:\/\/foto-produkt.sk\/?p=446\">\n\t\t\t\t\t<img loading=\"lazy\" decoding=\"async\" width=\"400\" height=\"260\" src=\"https:\/\/foto-produkt.sk\/wp-content\/uploads\/2018\/01\/1200x780-BLOG-400x260.jpg\" class=\"attachment-grid size-grid wp-post-image\" alt=\"\" srcset=\"https:\/\/foto-produkt.sk\/wp-content\/uploads\/2018\/01\/1200x780-BLOG-400x260.jpg 400w, https:\/\/foto-produkt.sk\/wp-content\/uploads\/2018\/01\/1200x780-BLOG-300x195.jpg 300w, https:\/\/foto-produkt.sk\/wp-content\/uploads\/2018\/01\/1200x780-BLOG-768x499.jpg 768w, https:\/\/foto-produkt.sk\/wp-content\/uploads\/2018\/01\/1200x780-BLOG-1024x665.jpg 1024w, https:\/\/foto-produkt.sk\/wp-content\/uploads\/2018\/01\/1200x780-BLOG.jpg 1200w\" sizes=\"auto, (max-width: 400px) 100vw, 400px\" \/>\t\t\t\t<\/a>\n\t\t\t<\/figure>\n\t\t\t\t\n\t\t<div class=\"box text-center\">\n\t\t\t<div class=\"category cat34\"><span><a href=\"https:\/\/foto-produkt.sk\/?cat=34\">Fotokniha<\/a><\/span><\/div><h4 class=\"post-title\"><a href=\"https:\/\/foto-produkt.sk\/?p=446\">Svadobn\u00e1 fotokniha<\/a><\/h4><div class=\"meta\">\n\n\t<span class=\"date\">\n\t\t5. janu\u00e1ra 2018\t<\/span>\n\t\n\t\n<\/div><p>Abdulah a Ivana. Ur\u010dite m\u00e1 ka\u017ed\u00fd z v\u00e1s\u00a0 v po\u010d\u00edta\u010di tis\u00edce fotiek, ktor\u00e9 skladuje a&#8230;<\/p>\n\t\t<\/div>\n\t\t\n\t<\/div>\n<\/div>\t\t<\/div>\n\t<\/div>\n\t\n\t\n<\/div>[\/vc_column][\/vc_row]<\/p>\n<\/div>","protected":false},"excerpt":{"rendered":"<p>[vc_row lydia_layout=&#8220;dark-wrapper&#8220; css=&#8220;.vc_custom_1446552053338{padding-top: 70px !important;padding-bottom: 70px !important;}&#8220;][vc_column][\/vc_column][\/vc_row]<\/p>\n","protected":false},"author":1,"featured_media":0,"parent":0,"menu_order":0,"comment_status":"closed","ping_status":"closed","template":"","meta":{"_acf_changed":false,"footnotes":""},"class_list":["post-325","page","type-page","status-publish","hentry"],"acf":[],"_links":{"self":[{"href":"https:\/\/foto-produkt.sk\/index.php?rest_route=\/wp\/v2\/pages\/325","targetHints":{"allow":["GET"]}}],"collection":[{"href":"https:\/\/foto-produkt.sk\/index.php?rest_route=\/wp\/v2\/pages"}],"about":[{"href":"https:\/\/foto-produkt.sk\/index.php?rest_route=\/wp\/v2\/types\/page"}],"author":[{"embeddable":true,"href":"https:\/\/foto-produkt.sk\/index.php?rest_route=\/wp\/v2\/users\/1"}],"replies":[{"embeddable":true,"href":"https:\/\/foto-produkt.sk\/index.php?rest_route=%2Fwp%2Fv2%2Fcomments&post=325"}],"version-history":[{"count":2,"href":"https:\/\/foto-produkt.sk\/index.php?rest_route=\/wp\/v2\/pages\/325\/revisions"}],"predecessor-version":[{"id":1597,"href":"https:\/\/foto-produkt.sk\/index.php?rest_route=\/wp\/v2\/pages\/325\/revisions\/1597"}],"wp:attachment":[{"href":"https:\/\/foto-produkt.sk\/index.php?rest_route=%2Fwp%2Fv2%2Fmedia&parent=325"}],"curies":[{"name":"wp","href":"https:\/\/api.w.org\/{rel}","templated":true}]}}

<div class="wpb-content-wrapper"><p>[vc_row lydia_layout=&#8220;dark-wrapper&#8220; css=&#8220;.vc_custom_1446552053338{padding-top: 70px !important;padding-bottom: 70px !important;}&#8220;][vc_column]<div class="blog grid-view col3">

	<div class="blog-posts text-boxes">
		<div class="isotope row">
			<div class="col-sm-6 col-md-4 grid-view-post">
	<div class="post">
		
					<figure class="main">
				<a href="https://foto-produkt.sk/?p=1529">
					<img loading="lazy" decoding="async" width="400" height="260" src="https://foto-produkt.sk/wp-content/uploads/2018/02/24-105-1-400x260.jpg" class="attachment-grid size-grid wp-post-image" alt="" />				</a>
			</figure>
				
		<div class="box text-center">
			<div class="category cat33"><span><a href="https://foto-produkt.sk/?cat=33">Reklamná fotografia</a></span></div><h4 class="post-title"><a href="https://foto-produkt.sk/?p=1529">Fotenie člnov v Jelke</a></h4><div class="meta">

	<span class="date">
		10. februára 2018	</span>
	
	
</div>		</div>
		
	</div>
</div><div class="col-sm-6 col-md-4 grid-view-post">
	<div class="post">
		
					<figure class="main">
				<a href="https://foto-produkt.sk/?p=1486">
					<img loading="lazy" decoding="async" width="400" height="260" src="https://foto-produkt.sk/wp-content/uploads/2018/02/IMG_0841-2-400x260.jpg" class="attachment-grid size-grid wp-post-image" alt="" />				</a>
			</figure>
				
		<div class="box text-center">
			<div class="category cat32"><span><a href="https://foto-produkt.sk/?cat=32">Cestopis</a></span></div><h4 class="post-title"><a href="https://foto-produkt.sk/?p=1486">V mravenisku</a></h4><div class="meta">

	<span class="date">
		10. februára 2018	</span>
	
	
</div><p>Najúžasnejšia na Vietname je flexibilita jeho obyvateľov. Nenapadá mi lepšie spojenie ako „tá krajina sa&#8230;</p>
		</div>
		
	</div>
</div><div class="col-sm-6 col-md-4 grid-view-post">
	<div class="post">
		
					<figure class="main">
				<a href="https://foto-produkt.sk/?p=1463">
					<img loading="lazy" decoding="async" width="400" height="260" src="https://foto-produkt.sk/wp-content/uploads/2018/02/IMG_0841-1-400x260.jpg" class="attachment-grid size-grid wp-post-image" alt="" />				</a>
			</figure>
				
		<div class="box text-center">
			<div class="category cat32"><span><a href="https://foto-produkt.sk/?cat=32">Cestopis</a></span></div><h4 class="post-title"><a href="https://foto-produkt.sk/?p=1463">Poklady v skalách</a></h4><div class="meta">

	<span class="date">
		10. februára 2018	</span>
	
	
</div><p>Ak ste už po dovolenke, ale s pocitom, že by ste ešte radi spoznali niečo&#8230;</p>
		</div>
		
	</div>
</div><div class="col-sm-6 col-md-4 grid-view-post">
	<div class="post">
		
					<figure class="main">
				<a href="https://foto-produkt.sk/?p=1427">
					<img loading="lazy" decoding="async" width="400" height="260" src="https://foto-produkt.sk/wp-content/uploads/2018/02/Gordes2-400x260.jpg" class="attachment-grid size-grid wp-post-image" alt="" />				</a>
			</figure>
				
		<div class="box text-center">
			<div class="category cat32"><span><a href="https://foto-produkt.sk/?cat=32">Cestopis</a></span></div><h4 class="post-title"><a href="https://foto-produkt.sk/?p=1427">Kraj levandúľ</a></h4><div class="meta">

	<span class="date">
		10. februára 2018	</span>
	
	
</div><p>Do francúzskeho Provensalska sme sa vybrali, vybavení najmodernejšou fototechnikou, zvečniť krásu levanduľových polí. To nič,&#8230;</p>
		</div>
		
	</div>
</div><div class="col-sm-6 col-md-4 grid-view-post">
	<div class="post">
		
					<figure class="main">
				<a href="https://foto-produkt.sk/?p=1410">
					<img loading="lazy" decoding="async" width="400" height="260" src="https://foto-produkt.sk/wp-content/uploads/2018/02/13919994_518925564969873_4486031335280781204_o-400x260.jpg" class="attachment-grid size-grid wp-post-image" alt="" />				</a>
			</figure>
				
		<div class="box text-center">
			<div class="category cat1"><span><a href="https://foto-produkt.sk/?cat=1">Nezaradené</a></span></div><h4 class="post-title"><a href="https://foto-produkt.sk/?p=1410">Fotenie a príprava materiálov na AMAZON</a></h4><div class="meta">

	<span class="date">
		9. februára 2018	</span>
	
	
</div><p>Prezentácia produktov na AMAZONE. Dobre odprezentovaný produkt na Amazone je absolutná nutnosť, keďže konkurencia je&#8230;</p>
		</div>
		
	</div>
</div><div class="col-sm-6 col-md-4 grid-view-post">
	<div class="post">
		
					<figure class="main">
				<a href="https://foto-produkt.sk/?p=1358">
					<img loading="lazy" decoding="async" width="400" height="260" src="https://foto-produkt.sk/wp-content/uploads/2018/02/lara-hl-400x260.jpg" class="attachment-grid size-grid wp-post-image" alt="" srcset="https://foto-produkt.sk/wp-content/uploads/2018/02/lara-hl-400x260.jpg 400w, https://foto-produkt.sk/wp-content/uploads/2018/02/lara-hl-300x195.jpg 300w, https://foto-produkt.sk/wp-content/uploads/2018/02/lara-hl-768x499.jpg 768w, https://foto-produkt.sk/wp-content/uploads/2018/02/lara-hl.jpg 1024w" sizes="auto, (max-width: 400px) 100vw, 400px" />				</a>
			</figure>
				
		<div class="box text-center">
			<div class="category cat1"><span><a href="https://foto-produkt.sk/?cat=1">Nezaradené</a></span></div><h4 class="post-title"><a href="https://foto-produkt.sk/?p=1358">Larin prvý rok vo fotografiách</a></h4><div class="meta">

	<span class="date">
		9. februára 2018	</span>
	
	
</div><p>Lara a jej prvý rok. Fotenie detí je veľká výzva. Na jednej strane sú deti&#8230;</p>
		</div>
		
	</div>
</div><div class="col-sm-6 col-md-4 grid-view-post">
	<div class="post">
		
					<figure class="main">
				<a href="https://foto-produkt.sk/?p=446">
					<img loading="lazy" decoding="async" width="400" height="260" src="https://foto-produkt.sk/wp-content/uploads/2018/01/1200x780-BLOG-400x260.jpg" class="attachment-grid size-grid wp-post-image" alt="" srcset="https://foto-produkt.sk/wp-content/uploads/2018/01/1200x780-BLOG-400x260.jpg 400w, https://foto-produkt.sk/wp-content/uploads/2018/01/1200x780-BLOG-300x195.jpg 300w, https://foto-produkt.sk/wp-content/uploads/2018/01/1200x780-BLOG-768x499.jpg 768w, https://foto-produkt.sk/wp-content/uploads/2018/01/1200x780-BLOG-1024x665.jpg 1024w, https://foto-produkt.sk/wp-content/uploads/2018/01/1200x780-BLOG.jpg 1200w" sizes="auto, (max-width: 400px) 100vw, 400px" />				</a>
			</figure>
				
		<div class="box text-center">
			<div class="category cat34"><span><a href="https://foto-produkt.sk/?cat=34">Fotokniha</a></span></div><h4 class="post-title"><a href="https://foto-produkt.sk/?p=446">Svadobná fotokniha</a></h4><div class="meta">

	<span class="date">
		5. januára 2018	</span>
	
	
</div><p>Abdulah a Ivana. Určite má každý z vás  v počítači tisíce fotiek, ktoré skladuje a&#8230;</p>
		</div>
		
	</div>
</div>		</div>
	</div>
	
	
</div>[/vc_column][/vc_row]</p>
</div>
